{"id":356,"date":"2025-05-05T16:01:54","date_gmt":"2025-05-05T13:01:54","guid":{"rendered":"http:\/\/alvaforsius.fi\/?page_id=356"},"modified":"2026-04-27T10:44:02","modified_gmt":"2026-04-27T07:44:02","slug":"ajankohtaista-aktuellt","status":"publish","type":"page","link":"http:\/\/alvaforsius.fi\/sv\/ajankohtaista-aktuellt\/","title":{"rendered":"Ajankohtaista Aktuellt"},"content":{"rendered":"<p><strong>Alva Forsius 160-\u00e5rs f\u00f6delsedag<\/strong><\/p>\r\n<p>I \u00e5r har det f\u00f6rflutit 160 \u00e5r sedan Alva f\u00f6ddes. Det firas!<\/p>\r\n<p>Tid: s\u00f6ndagen den 24.5. kl.13-14.00<br \/>Plats: Daghemmet Solhem, Jonasv\u00e4gen 1 Borg\u00e5<\/p>\r\n<div dir=\"ltr\">\r\n<div class=\"x_x_elementToProof\">P\u00e5 programmet st\u00e5r s\u00e5ng av Alvak\u00f6ren, presentation av Solhem, Alvas ber\u00e4ttelse samt kaffeservering.<\/div>\r\n<div class=\"x_x_elementToProof\">Tillst\u00e4llningen \u00e4r gratis och tv\u00e5spr\u00e5kig.<\/div>\r\n<div>\u00a0<\/div>\r\n<\/div>\r\n\r\n<p>&nbsp;<\/p>\r\n\r\n<p class=\"has-medium-font-size\"><strong>LUENTO ALVA FORSIUKSESTA<\/strong><\/p>\r\n\r\n<p>&nbsp;<\/p>\r\n\r\n<p class=\"has-medium-font-size\">\u00a0<\/p>\r\n\r\n<p>&nbsp;<\/p>\r\n\r\n<p class=\"has-medium-font-size\">Aika:\u00a0 26.5. klo 18.00 \u00a0\u201dAlva Forsius &#8211; Pioneeri naisten ja lasten terveyden puolesta\u201d<\/p>\r\n\r\n<p>&nbsp;<\/p>\r\n\r\n<p>Paikka: Holmin talo, V\u00e4likatu 11<\/p>\r\n\r\n<p>&nbsp;<\/p>\r\n\r\n<p class=\"has-medium-font-size\">Ilmoittautumiset luentoon tulee l\u00e4hett\u00e4\u00e4 osoitteeseen <a href=\"mailto:jaana.haapoja@porvoonmuseo.fi\">jaana.haapoja@porvoonmuseo.fi<\/a><\/p>\r\n\r\n<p>&nbsp;<\/p>\r\n\r\n<p class=\"has-medium-font-size\"><strong>F\u00d6REL\u00c4SNING OM ALVA FORSIUS<\/strong><\/p>\r\n\r\n<p>&nbsp;<\/p>\r\n\r\n<p class=\"has-medium-font-size\">Tid: 26.5. kl. 18.00 \u201dAlva Forsius &#8211; en pionj\u00e4r f\u00f6r kvinnors och barns h\u00e4lsa&#8221;<br \/>Plats: Holmska g\u00e5rden, Mellangatan 11<\/p>\r\n\r\n<p>&nbsp;<\/p>\r\n\r\n<p class=\"has-medium-font-size\">Anm\u00e4lningar till f\u00f6rel\u00e4sningen s\u00e4nds till: \u00a0<a href=\"mailto:jaana.haapoja@porvoonmuseo.fi\">jaana.haapoja@porvoonmuseo.fi<\/a><\/p>\r\n\r\n<p>&nbsp;<\/p>\r\n\r\n<h2 class=\"wp-block-heading has-medium-font-size\">\u00a0<\/h2>\r\n\r\n<p>&nbsp;<\/p>\r\n\r\n<p>&nbsp;<\/p>\r\n\r\n<p>&nbsp;<\/p>\r\n\r\n<p class=\"has-medium-font-size\"><strong>Alva Forsiuksen muistoyhdistyksen vuosikokous on 14.5.2025 klo 18.00.<\/strong><br \/>Paikka: Rafael\u00b4s Steakhouse.<br \/>Kokouksessa k\u00e4sitell\u00e4\u00e4n yhdistyksen s\u00e4\u00e4nt\u00f6m\u00e4\u00e4r\u00e4set asiat mm: Tilinp\u00e4\u00e4t\u00f6s, toimintakertomus, toimintasuunnitelma, talousarvio, puheenjohtajan valinta, hallituksen valinta, tilintarkastajan valinta.<\/p>\r\n\r\n<p>&nbsp;<\/p>\r\n\r\n<p class=\"has-medium-font-size\"><strong>F\u00f6reningen Alva Forsius Minne rf:s \u00e5rsm\u00f6te h\u00e5lls den 14.5.2025 kl. 18.00<\/strong><\/p>\r\n\r\n<p>&nbsp;<\/p>\r\n\r\n<p class=\"has-medium-font-size\">Plats: Rafael\u00b4s Steakhouse<\/p>\r\n\r\n<p>&nbsp;<\/p>\r\n\r\n<p class=\"has-medium-font-size\">P\u00e5 m\u00f6tet behandlas f\u00f6reningens stadge-enliga \u00e4renden bl.a.: bokslut, vwrksamhetsber\u00e4ttele, verksamhetsplan, budget, val av ordf\u00f6rande samt styrelse och verksamhetsgranskare.<\/p>\r\n\r\n<p>&nbsp;<\/p>\r\n\r\n<p class=\"has-medium-font-size\"><strong>LUENTO ALVA FORSIUKSESTA<\/strong><\/p>\r\n\r\n<p>&nbsp;<\/p>\r\n\r\n<p class=\"has-medium-font-size\">\u00a0<\/p>\r\n\r\n<p>&nbsp;<\/p>\r\n\r\n<p class=\"has-medium-font-size\">Aika:\u00a0 26.5. klo 18.00 \u00a0\u201dAlva Forsius &#8211; Pioneeri naisten ja lasten terveyden puolesta\u201d<\/p>\r\n\r\n<p>&nbsp;<\/p>\r\n\r\n<p>Paikka: Holmin talo, V\u00e4likatu 11<\/p>\r\n\r\n<p>&nbsp;<\/p>\r\n\r\n<p class=\"has-medium-font-size\">Ilmoittautumiset luentoon tulee l\u00e4hett\u00e4\u00e4 osoitteeseen <a href=\"mailto:jaana.haapoja@porvoonmuseo.fi\">jaana.haapoja@porvoonmuseo.fi<\/a><\/p>\r\n\r\n<p>&nbsp;<\/p>\r\n\r\n<p class=\"has-medium-font-size\"><strong>F\u00d6REL\u00c4SNING OM ALVA FORSIUS<\/strong><\/p>\r\n\r\n<p>&nbsp;<\/p>\r\n\r\n<p class=\"has-medium-font-size\">Tid: 26.5. kl. 18.00 \u201dAlva Forsius &#8211; en pionj\u00e4r f\u00f6r kvinnors och barns h\u00e4lsa&#8221;<br \/>Plats: Holmska g\u00e5rden, Mellangatan 11<\/p>\r\n\r\n<p>&nbsp;<\/p>\r\n\r\n<p class=\"has-medium-font-size\">Anm\u00e4lningar till f\u00f6rel\u00e4sningen s\u00e4nds till: \u00a0<a href=\"mailto:jaana.haapoja@porvoonmuseo.fi\">jaana.haapoja@porvoonmuseo.fi<\/a><\/p>\r\n\r\n<p>&nbsp;<\/p>\r\n\r\n<h2 class=\"wp-block-heading has-medium-font-size\">\u00a0<\/h2>\r\n\r\n<p>&nbsp;<\/p>\r\n\r\n<p>&nbsp;<\/p>","protected":false},"excerpt":{"rendered":"<p>Alva Forsius 160-\u00e5rs f\u00f6delsedag I \u00e5r har det f\u00f6rflutit 160 \u00e5r sedan Alva f\u00f6ddes. Det firas! Tid: s\u00f6ndagen den 24.5. kl.13-14.00Plats: Daghemmet Solhem, Jonasv\u00e4gen 1 Borg\u00e5 P\u00e5 programmet st\u00e5r s\u00e5ng av Alvak\u00f6ren, presentation av Solhem, Alvas ber\u00e4ttelse samt kaffeservering. Tillst\u00e4llningen \u00e4r gratis och tv\u00e5spr\u00e5kig. \u00a0 &nbsp; LUENTO ALVA FORSIUKSESTA &nbsp; \u00a0 &nbsp; Aika:\u00a0 26.5. klo [&hellip;]<\/p>\n","protected":false},"author":5,"featured_media":367,"parent":0,"menu_order":0,"comment_status":"closed","ping_status":"closed","template":"page-full.php","meta":{"footnotes":""},"class_list":["post-356","page","type-page","status-publish","has-post-thumbnail","hentry"],"_links":{"self":[{"href":"http:\/\/alvaforsius.fi\/sv\/wp-json\/wp\/v2\/pages\/356","targetHints":{"allow":["GET"]}}],"collection":[{"href":"http:\/\/alvaforsius.fi\/sv\/wp-json\/wp\/v2\/pages"}],"about":[{"href":"http:\/\/alvaforsius.fi\/sv\/wp-json\/wp\/v2\/types\/page"}],"author":[{"embeddable":true,"href":"http:\/\/alvaforsius.fi\/sv\/wp-json\/wp\/v2\/users\/5"}],"replies":[{"embeddable":true,"href":"http:\/\/alvaforsius.fi\/sv\/wp-json\/wp\/v2\/comments?post=356"}],"version-history":[{"count":12,"href":"http:\/\/alvaforsius.fi\/sv\/wp-json\/wp\/v2\/pages\/356\/revisions"}],"predecessor-version":[{"id":381,"href":"http:\/\/alvaforsius.fi\/sv\/wp-json\/wp\/v2\/pages\/356\/revisions\/381"}],"wp:featuredmedia":[{"embeddable":true,"href":"http:\/\/alvaforsius.fi\/sv\/wp-json\/wp\/v2\/media\/367"}],"wp:attachment":[{"href":"http:\/\/alvaforsius.fi\/sv\/wp-json\/wp\/v2\/media?parent=356"}],"curies":[{"name":"wp","href":"https:\/\/api.w.org\/{rel}","templated":true}]}}

<p><strong>Alva Forsius 160-års födelsedag</strong></p>
<p>I år har det förflutit 160 år sedan Alva föddes. Det firas!</p>
<p>Tid: söndagen den 24.5. kl.13-14.00<br />Plats: Daghemmet Solhem, Jonasvägen 1 Borgå</p>
<div dir="ltr">
<div class="x_x_elementToProof">På programmet står sång av Alvakören, presentation av Solhem, Alvas berättelse samt kaffeservering.</div>
<div class="x_x_elementToProof">Tillställningen är gratis och tvåspråkig.</div>
<div> </div>
</div>

<p>&nbsp;</p>

<p class="has-medium-font-size"><strong>LUENTO ALVA FORSIUKSESTA</strong></p>

<p>&nbsp;</p>

<p class="has-medium-font-size"> </p>

<p>&nbsp;</p>

<p class="has-medium-font-size">Aika:  26.5. klo 18.00  ”Alva Forsius &#8211; Pioneeri naisten ja lasten terveyden puolesta”</p>

<p>&nbsp;</p>

<p>Paikka: Holmin talo, Välikatu 11</p>

<p>&nbsp;</p>

<p class="has-medium-font-size">Ilmoittautumiset luentoon tulee lähettää osoitteeseen <a href="mailto:jaana.haapoja@porvoonmuseo.fi">jaana.haapoja@porvoonmuseo.fi</a></p>

<p>&nbsp;</p>

<p class="has-medium-font-size"><strong>FÖRELÄSNING OM ALVA FORSIUS</strong></p>

<p>&nbsp;</p>

<p class="has-medium-font-size">Tid: 26.5. kl. 18.00 ”Alva Forsius &#8211; en pionjär för kvinnors och barns hälsa&#8221;<br />Plats: Holmska gården, Mellangatan 11</p>

<p>&nbsp;</p>

<p class="has-medium-font-size">Anmälningar till föreläsningen sänds till:  <a href="mailto:jaana.haapoja@porvoonmuseo.fi">jaana.haapoja@porvoonmuseo.fi</a></p>

<p>&nbsp;</p>

<h2 class="wp-block-heading has-medium-font-size"> </h2>

<p>&nbsp;</p>

<p>&nbsp;</p>

<p>&nbsp;</p>

<p class="has-medium-font-size"><strong>Alva Forsiuksen muistoyhdistyksen vuosikokous on 14.5.2025 klo 18.00.</strong><br />Paikka: Rafael´s Steakhouse.<br />Kokouksessa käsitellään yhdistyksen sääntömääräset asiat mm: Tilinpäätös, toimintakertomus, toimintasuunnitelma, talousarvio, puheenjohtajan valinta, hallituksen valinta, tilintarkastajan valinta.</p>

<p>&nbsp;</p>

<p class="has-medium-font-size"><strong>Föreningen Alva Forsius Minne rf:s årsmöte hålls den 14.5.2025 kl. 18.00</strong></p>

<p>&nbsp;</p>

<p class="has-medium-font-size">Plats: Rafael´s Steakhouse</p>

<p>&nbsp;</p>

<p class="has-medium-font-size">På mötet behandlas föreningens stadge-enliga ärenden bl.a.: bokslut, vwrksamhetsberättele, verksamhetsplan, budget, val av ordförande samt styrelse och verksamhetsgranskare.</p>

<p>&nbsp;</p>

<p class="has-medium-font-size"><strong>LUENTO ALVA FORSIUKSESTA</strong></p>

<p>&nbsp;</p>

<p class="has-medium-font-size"> </p>

<p>&nbsp;</p>

<p class="has-medium-font-size">Aika:  26.5. klo 18.00  ”Alva Forsius &#8211; Pioneeri naisten ja lasten terveyden puolesta”</p>

<p>&nbsp;</p>

<p>Paikka: Holmin talo, Välikatu 11</p>

<p>&nbsp;</p>

<p class="has-medium-font-size">Ilmoittautumiset luentoon tulee lähettää osoitteeseen <a href="mailto:jaana.haapoja@porvoonmuseo.fi">jaana.haapoja@porvoonmuseo.fi</a></p>

<p>&nbsp;</p>

<p class="has-medium-font-size"><strong>FÖRELÄSNING OM ALVA FORSIUS</strong></p>

<p>&nbsp;</p>

<p class="has-medium-font-size">Tid: 26.5. kl. 18.00 ”Alva Forsius &#8211; en pionjär för kvinnors och barns hälsa&#8221;<br />Plats: Holmska gården, Mellangatan 11</p>

<p>&nbsp;</p>

<p class="has-medium-font-size">Anmälningar till föreläsningen sänds till:  <a href="mailto:jaana.haapoja@porvoonmuseo.fi">jaana.haapoja@porvoonmuseo.fi</a></p>

<p>&nbsp;</p>

<h2 class="wp-block-heading has-medium-font-size"> </h2>

<p>&nbsp;</p>

<p>&nbsp;</p>

<p>Alva Forsius 160-års födelsedag I år har det förflutit 160 år sedan Alva föddes. Det firas! Tid: söndagen den 24.5. kl.13-14.00Plats: Daghemmet Solhem, Jonasvägen 1 Borgå På programmet står sång av Alvakören, presentation av Solhem, Alvas berättelse samt kaffeservering. Tillställningen är gratis och tvåspråkig.   &nbsp; LUENTO ALVA FORSIUKSESTA &nbsp;   &nbsp; Aika:  26.5. klo [&hellip;]</p>
